{"id":780,"date":"2015-05-05T23:39:57","date_gmt":"2015-05-05T21:39:57","guid":{"rendered":"http:\/\/www.fleck-ev.de\/?page_id=780"},"modified":"2025-08-24T11:12:57","modified_gmt":"2025-08-24T09:12:57","slug":"organisation","status":"publish","type":"page","link":"http:\/\/www.fleck-ev.de\/?page_id=780","title":{"rendered":"Organisation"},"content":{"rendered":"<p>In Eckental betreut FLEck e.V.&nbsp; zur Zeit zur Zeit ca. 430 Gefl\u00fcchtete &#8211; anerkannt oder im Asylverfahren, in dezentralen Unterk\u00fcnften und Privatwohnungen oder in zwei Regierungsunterk\u00fcnften des Landkreises. Viele Ehrenamtliche engagieren sich, um die Integration f\u00fcr unsere neuen Mitb\u00fcrger:innen zu erleichtern.<\/p>\n<p>Die praktische Arbeit wird in&nbsp; Arbeitskreisen (AK) und Koordinationsstellen selbstst\u00e4ndig organisiert. Jeden Mittwoch trifft sich der Vorstand mit dem sogenannten Leitungskreis, der aus den AK-Leiter:innen, den Koordinator:innen, den Migrations- \/ Asylsozialarbeiter:innen (Caritas) und weiteren Mitarbeiter:innen besteht, um die Arbeit abzustimmen und stetig weiter zu entwickeln.<\/p>\n<p>Sie erreichen uns unter <a href=\"mailto:kontakt@fleck-ev.de\">kontakt@fleck-ev.de<\/a><\/p>\n\n\n<div data-wp-interactive=\"core\/file\" class=\"wp-block-file\"><object data-wp-bind--hidden=\"!state.hasPdfPreview\" hidden class=\"wp-block-file__embed\" data=\"https:\/\/www.fleck-ev.de\/wp-content\/uploads\/2025\/08\/Organigramm-FLEck-09.2025-4.pdf\" type=\"application\/pdf\" style=\"width:100%;height:600px\" aria-label=\"Einbettung von Organigramm FLEck 09.2025.\"><\/object><a id=\"wp-block-file--media-4b88dc37-ff6f-4546-90ba-7f7420043aef\" href=\"https:\/\/www.fleck-ev.de\/wp-content\/uploads\/2025\/08\/Organigramm-FLEck-09.2025-4.pdf\">Organigramm FLEck 09.2025<\/a><a href=\"https:\/\/www.fleck-ev.de\/wp-content\/uploads\/2025\/08\/Organigramm-FLEck-09.2025-4.pdf\" class=\"wp-block-file__button wp-element-button\" download aria-describedby=\"wp-block-file--media-4b88dc37-ff6f-4546-90ba-7f7420043aef\">Herunterladen<\/a><\/div>\n\n\n\n<p><\/p>\n","protected":false},"excerpt":{"rendered":"<p>In Eckental betreut FLEck e.V.&nbsp; zur Zeit zur Zeit ca. 430 Gefl\u00fcchtete &#8211; anerkannt oder im Asylverfahren, in dezentralen Unterk\u00fcnften und Privatwohnungen oder in zwei Regierungsunterk\u00fcnften des Landkreises. Viele Ehrenamtliche engagieren sich, um die Integration f\u00fcr unsere neuen Mitb\u00fcrger:innen zu erleichtern. Die praktische Arbeit wird in&nbsp; Arbeitskreisen (AK) und Koordinationsstellen selbstst\u00e4ndig organisiert. Jeden Mittwoch trifft [&hellip;]<\/p>\n","protected":false},"author":1,"featured_media":0,"parent":23,"menu_order":2,"comment_status":"closed","ping_status":"closed","template":"","meta":{"_mc_calendar":[],"footnotes":""},"class_list":["post-780","page","type-page","status-publish","hentry"],"_links":{"self":[{"href":"http:\/\/www.fleck-ev.de\/index.php?rest_route=\/wp\/v2\/pages\/780","targetHints":{"allow":["GET"]}}],"collection":[{"href":"http:\/\/www.fleck-ev.de\/index.php?rest_route=\/wp\/v2\/pages"}],"about":[{"href":"http:\/\/www.fleck-ev.de\/index.php?rest_route=\/wp\/v2\/types\/page"}],"author":[{"embeddable":true,"href":"http:\/\/www.fleck-ev.de\/index.php?rest_route=\/wp\/v2\/users\/1"}],"replies":[{"embeddable":true,"href":"http:\/\/www.fleck-ev.de\/index.php?rest_route=%2Fwp%2Fv2%2Fcomments&post=780"}],"version-history":[{"count":37,"href":"http:\/\/www.fleck-ev.de\/index.php?rest_route=\/wp\/v2\/pages\/780\/revisions"}],"predecessor-version":[{"id":5054,"href":"http:\/\/www.fleck-ev.de\/index.php?rest_route=\/wp\/v2\/pages\/780\/revisions\/5054"}],"up":[{"embeddable":true,"href":"http:\/\/www.fleck-ev.de\/index.php?rest_route=\/wp\/v2\/pages\/23"}],"wp:attachment":[{"href":"http:\/\/www.fleck-ev.de\/index.php?rest_route=%2Fwp%2Fv2%2Fmedia&parent=780"}],"curies":[{"name":"wp","href":"https:\/\/api.w.org\/{rel}","templated":true}]}}

<p>In Eckental betreut FLEck e.V.&nbsp; zur Zeit zur Zeit ca. 430 Geflüchtete &#8211; anerkannt oder im Asylverfahren, in dezentralen Unterkünften und Privatwohnungen oder in zwei Regierungsunterkünften des Landkreises. Viele Ehrenamtliche engagieren sich, um die Integration für unsere neuen Mitbürger:innen zu erleichtern.</p>
<p>Die praktische Arbeit wird in&nbsp; Arbeitskreisen (AK) und Koordinationsstellen selbstständig organisiert. Jeden Mittwoch trifft sich der Vorstand mit dem sogenannten Leitungskreis, der aus den AK-Leiter:innen, den Koordinator:innen, den Migrations- / Asylsozialarbeiter:innen (Caritas) und weiteren Mitarbeiter:innen besteht, um die Arbeit abzustimmen und stetig weiter zu entwickeln.</p>
<p>Sie erreichen uns unter <a href="mailto:kontakt@fleck-ev.de">kontakt@fleck-ev.de</a></p>


<div data-wp-interactive="core/file" class="wp-block-file"><object data-wp-bind--hidden="!state.hasPdfPreview" hidden class="wp-block-file__embed" data="https://www.fleck-ev.de/wp-content/uploads/2025/08/Organigramm-FLEck-09.2025-4.pdf" type="application/pdf" style="width:100%;height:600px" aria-label="Einbettung von Organigramm FLEck 09.2025."></object><a id="wp-block-file--media-4b88dc37-ff6f-4546-90ba-7f7420043aef" href="https://www.fleck-ev.de/wp-content/uploads/2025/08/Organigramm-FLEck-09.2025-4.pdf">Organigramm FLEck 09.2025</a><a href="https://www.fleck-ev.de/wp-content/uploads/2025/08/Organigramm-FLEck-09.2025-4.pdf" class="wp-block-file__button wp-element-button" download aria-describedby="wp-block-file--media-4b88dc37-ff6f-4546-90ba-7f7420043aef">Herunterladen</a></div>



<p></p>

<p>In Eckental betreut FLEck e.V.&nbsp; zur Zeit zur Zeit ca. 430 Geflüchtete &#8211; anerkannt oder im Asylverfahren, in dezentralen Unterkünften und Privatwohnungen oder in zwei Regierungsunterkünften des Landkreises. Viele Ehrenamtliche engagieren sich, um die Integration für unsere neuen Mitbürger:innen zu erleichtern. Die praktische Arbeit wird in&nbsp; Arbeitskreisen (AK) und Koordinationsstellen selbstständig organisiert. Jeden Mittwoch trifft [&hellip;]</p>
